{"id":148,"date":"2019-02-01T14:29:54","date_gmt":"2019-02-01T13:29:54","guid":{"rendered":"http:\/\/www.klaus-ahrens.de\/?page_id=148"},"modified":"2019-02-01T14:32:34","modified_gmt":"2019-02-01T13:32:34","slug":"gemeinde-neuenhagen-bei-berlin","status":"publish","type":"page","link":"https:\/\/www.klaus-ahrens.de\/?page_id=148","title":{"rendered":"Gemeinde   Neuenhagen bei Berlin"},"content":{"rendered":"\n<h2 class=\"wp-block-heading\">Hauptamtlicher B\u00fcrgermeister der Gemeinde Neuenhagen bei Berlin vom 17. Mai  1990 bis 5. Mai 2002.<\/h2>\n\n\n\n<ul class=\"wp-block-gallery columns-3 is-cropped wp-block-gallery-1 is-layout-flex wp-block-gallery-is-layout-flex\"><li class=\"blocks-gallery-item\"><figure><img loading=\"lazy\" decoding=\"async\" width=\"250\" height=\"333\" src=\"http:\/\/www.klaus-ahrens.de\/wp-content\/uploads\/2019\/02\/13.jpg\" alt=\"\" data-id=\"149\" data-link=\"http:\/\/www.klaus-ahrens.de\/?attachment_id=149\" class=\"wp-image-149\" srcset=\"https:\/\/www.klaus-ahrens.de\/wp-content\/uploads\/2019\/02\/13.jpg 250w, https:\/\/www.klaus-ahrens.de\/wp-content\/uploads\/2019\/02\/13-225x300.jpg 225w\" sizes=\"auto, (max-width: 250px) 100vw, 250px\" \/><\/figure><\/li><li class=\"blocks-gallery-item\"><figure><img loading=\"lazy\" decoding=\"async\" width=\"250\" height=\"188\" src=\"http:\/\/www.klaus-ahrens.de\/wp-content\/uploads\/2019\/02\/14.jpg\" alt=\"\" data-id=\"150\" data-link=\"http:\/\/www.klaus-ahrens.de\/?attachment_id=150\" class=\"wp-image-150\"\/><\/figure><\/li><li class=\"blocks-gallery-item\"><figure><img loading=\"lazy\" decoding=\"async\" width=\"250\" height=\"333\" src=\"http:\/\/www.klaus-ahrens.de\/wp-content\/uploads\/2019\/02\/15.jpg\" alt=\"\" data-id=\"151\" data-link=\"http:\/\/www.klaus-ahrens.de\/?attachment_id=151\" class=\"wp-image-151\" srcset=\"https:\/\/www.klaus-ahrens.de\/wp-content\/uploads\/2019\/02\/15.jpg 250w, https:\/\/www.klaus-ahrens.de\/wp-content\/uploads\/2019\/02\/15-225x300.jpg 225w\" sizes=\"auto, (max-width: 250px) 100vw, 250px\" \/><\/figure><\/li><\/ul>\n\n\n\n<h3 class=\"wp-block-heading\">Amtsfreie Gemeinde<\/h3>\n\n\n\n<ul class=\"wp-block-list\"><li>Verantwortlich f\u00fcr den Aufbau der Strukturen der kommunalen   Selbstverwaltung in der Gemeinde Neuenhagen bei Berlin (Verwaltung und   kommunalpolitischer Bereich)<\/li><li>Vorsitzender des Hauptausschusses<\/li><li>Vertreter und Mitglied im Vorstand des WSE \u2013 Wasserverband   Strausberg\/Erkner<\/li><li>Vertreter in den kommunalen Spitzenverb\u00e4nden:<br>&#8211; Deutschen   St\u00e4dtetag<br>&#8211; St\u00e4dte- und Gemeindebund Brandenburg<br>&#8211; Rat der Gemeinden der   Regionen Europas \u2013 Deutsche Sektion<\/li><li>Vertreter des St\u00e4dte- und Gemeindebundes im Landesseniorenbeirat   Brandenburg<\/li><li>Vertreter in der Regionalen Planungsgemeinschaft Oderland-Spree<\/li><li>Vertreter in der Gesellschaft der Interessenvertretung der OSE \u2013 kommunale   Aktion\u00e4re GmbH<\/li><li>Aufsichtsratsvorsitzender der KENEU \u2013 Kommunale Entwicklungsgesellschaft   Neuenhagen<\/li><li>Mitglied im Wirtschaftsbeirat der Gemeinde Neuenhagen bei Berlin<\/li><li>Mitglied im Beirat der Galopprennbahn Hoppegarten GmbH<\/li><li>Vertreter im kommunalen Nachbarschaftsforum AG Ost \u2013 R\u00e4umliches   Strukturkonzept H.A.S.E. (Raum   Hellersdorf-Altlandsberg-Strausberg-Erkner)<br><br><\/li><li>Einsatz im Ausland u.a. im Auftrag der Europ\u00e4ischen Union und der   Deutschen Gesellschaft:<br>&#8211; Bulgarien<br>&#8211; Lettland<\/li><li>Auslandseinsatz in Israel<br><\/li><li>Verbesserung der Infrastruktur (Wasser-\/ Abwassersituation, Telefon,   Gasversorgung, Beginn Stra\u00dfenausbau, Fahrrad- und Gehwegebau, u.a.)<\/li><li>Entwicklung Industrie- und Gewerbegebiet Neuenhagen<\/li><li>Gr\u00fcndung der KENEU als Alternative zur LEG-Brandenburg<\/li><li>Ausbau und Investitionen in Bildungsst\u00e4tten ( Kindertagesst\u00e4tten und   Schulen)<\/li><li>Gr\u00fcndung des Seniorenbeirates Neuenhagen bei Berlin<\/li><li>Unterst\u00fctzung und Neubau \/ Ausbau \/ Sanierung von Kinder-, Jugend-, Sport-    und Senioreneinrichtungen (z.Bsp. Kita Frohsinn und Rasselbande,   Fallada-Grundschule und Gartenstadt-Turnhalle, Erhalt u. Erweiterung   Einsteingymnasium, Jugendclub \u201eBlaupause\u201c, \u201eArche\u201c,&nbsp; Haus der Senioren,   Seniorenresidenz Neuenhagen und Mathilde-Zimmer-Stiftung, Tennisanlage,   Skateranlage, Spielplatz Friedensstr.,<\/li><li>Ausbau des Freibades in Neuenhagen zu Familienschwimmbad<\/li><li>Sanierung der alten gro\u00dfen M\u00fclldeponie am Elisenhofer Weg<\/li><li>Kampf um den Erhalt der Pferderennsportanlagen in Neuenhagen und   Hoppegarten mit dem Land Brandenburg und Bund (BVVG)<\/li><li>Unterst\u00fctzung des Vereinslebens<\/li><li>Entwicklung und Mitgestaltung des Neuenhagener Oktoberfestes<\/li><li>Denkmalgerechte Sanierung und Umbau des Neuenhagener Rathauses (mit   Wasserturm) zu einem modernen Verwaltungsgeb\u00e4ude mit Ratssaal und   Standesamt<\/li><li>Sicherung und Unterst\u00fctzung der B\u00fcrgerhauskonzerte und Konzerte auf der   Galopprennbahn Hoppegarten<\/li><li>Fahrradwegeverbindung Neuenhagen \/ Altlandsberg<\/li><li>Fahrradwegeverbindung Neuenhagen \/ OT H\u00f6now &nbsp;<\/li><\/ul>\n\n\n\n<hr class=\"wp-block-separator\"\/>\n\n\n\n<ul class=\"wp-block-list\"><li>Begr\u00fcndung der St\u00e4dtepartnerschaft mit Gr\u00fcnwald (Bayern) und Swibodzin   (Polen)<\/li><\/ul>\n\n\n\n<hr class=\"wp-block-separator\"\/>\n\n\n\n<ul class=\"wp-block-list\"><li>Initiierung der Bearbeitung&nbsp; des Neuenhagener Gemeindewappens  <\/li><\/ul>\n\n\n\n<p>u.v.a.<br><br>In meiner Amtszeit als B\u00fcrgermeister in Neuenhagen bei  Berlin hatte ich die gro\u00dfe Freude, zwei Bundespr\u00e4sidenten begr\u00fc\u00dfen zu d\u00fcrfen.  Bundespr\u00e4sident Roman Herzog am 17. M\u00e4rz 1995\u00a0 und Bundespr\u00e4sident Johannes  Rau am 13. Dezember 2001. Beide Bundespr\u00e4sidenten haben sich in das Goldene Buch  der Gemeinde eingetragen.<\/p>\n\n\n\n<ul class=\"wp-block-gallery columns-2 is-cropped wp-block-gallery-2 is-layout-flex wp-block-gallery-is-layout-flex\"><li class=\"blocks-gallery-item\"><figure><img loading=\"lazy\" decoding=\"async\" width=\"250\" height=\"162\" src=\"http:\/\/www.klaus-ahrens.de\/wp-content\/uploads\/2019\/02\/25.jpg\" alt=\"\" data-id=\"154\" data-link=\"http:\/\/www.klaus-ahrens.de\/?attachment_id=154\" class=\"wp-image-154\"\/><\/figure><\/li><li class=\"blocks-gallery-item\"><figure><img loading=\"lazy\" decoding=\"async\" width=\"250\" height=\"172\" src=\"http:\/\/www.klaus-ahrens.de\/wp-content\/uploads\/2019\/02\/27.jpg\" alt=\"\" data-id=\"155\" data-link=\"http:\/\/www.klaus-ahrens.de\/?attachment_id=155\" class=\"wp-image-155\"\/><\/figure><\/li><\/ul>\n","protected":false},"excerpt":{"rendered":"<p>Hauptamtlicher B\u00fcrgermeister der Gemeinde Neuenhagen bei Berlin vom 17. Mai 1990 bis 5. Mai 2002. Amtsfreie Gemeinde Verantwortlich f\u00fcr den Aufbau der Strukturen der kommunalen Selbstverwaltung in der Gemeinde Neuenhagen bei Berlin (Verwaltung und kommunalpolitischer Bereich) Vorsitzender des Hauptausschusses Vertreter und Mitglied im Vorstand des WSE \u2013 Wasserverband Strausberg\/Erkner Vertreter in den kommunalen Spitzenverb\u00e4nden:&#8211; Deutschen [&hellip;]<\/p>\n","protected":false},"author":5,"featured_media":0,"parent":0,"menu_order":0,"comment_status":"closed","ping_status":"closed","template":"","meta":{"footnotes":""},"class_list":["post-148","page","type-page","status-publish","hentry"],"_links":{"self":[{"href":"https:\/\/www.klaus-ahrens.de\/index.php?rest_route=\/wp\/v2\/pages\/148","targetHints":{"allow":["GET"]}}],"collection":[{"href":"https:\/\/www.klaus-ahrens.de\/index.php?rest_route=\/wp\/v2\/pages"}],"about":[{"href":"https:\/\/www.klaus-ahrens.de\/index.php?rest_route=\/wp\/v2\/types\/page"}],"author":[{"embeddable":true,"href":"https:\/\/www.klaus-ahrens.de\/index.php?rest_route=\/wp\/v2\/users\/5"}],"replies":[{"embeddable":true,"href":"https:\/\/www.klaus-ahrens.de\/index.php?rest_route=%2Fwp%2Fv2%2Fcomments&post=148"}],"version-history":[{"count":3,"href":"https:\/\/www.klaus-ahrens.de\/index.php?rest_route=\/wp\/v2\/pages\/148\/revisions"}],"predecessor-version":[{"id":156,"href":"https:\/\/www.klaus-ahrens.de\/index.php?rest_route=\/wp\/v2\/pages\/148\/revisions\/156"}],"wp:attachment":[{"href":"https:\/\/www.klaus-ahrens.de\/index.php?rest_route=%2Fwp%2Fv2%2Fmedia&parent=148"}],"curies":[{"name":"wp","href":"https:\/\/api.w.org\/{rel}","templated":true}]}}

<h2 class="wp-block-heading">Hauptamtlicher Bürgermeister der Gemeinde Neuenhagen bei Berlin vom 17. Mai  1990 bis 5. Mai 2002.</h2>



<ul class="wp-block-gallery columns-3 is-cropped wp-block-gallery-1 is-layout-flex wp-block-gallery-is-layout-flex"><li class="blocks-gallery-item"><figure><img loading="lazy" decoding="async" width="250" height="333" src="http://www.klaus-ahrens.de/wp-content/uploads/2019/02/13.jpg" alt="" data-id="149" data-link="http://www.klaus-ahrens.de/?attachment_id=149" class="wp-image-149" srcset="https://www.klaus-ahrens.de/wp-content/uploads/2019/02/13.jpg 250w, https://www.klaus-ahrens.de/wp-content/uploads/2019/02/13-225x300.jpg 225w" sizes="auto, (max-width: 250px) 100vw, 250px" /></figure></li><li class="blocks-gallery-item"><figure><img loading="lazy" decoding="async" width="250" height="188" src="http://www.klaus-ahrens.de/wp-content/uploads/2019/02/14.jpg" alt="" data-id="150" data-link="http://www.klaus-ahrens.de/?attachment_id=150" class="wp-image-150"/></figure></li><li class="blocks-gallery-item"><figure><img loading="lazy" decoding="async" width="250" height="333" src="http://www.klaus-ahrens.de/wp-content/uploads/2019/02/15.jpg" alt="" data-id="151" data-link="http://www.klaus-ahrens.de/?attachment_id=151" class="wp-image-151" srcset="https://www.klaus-ahrens.de/wp-content/uploads/2019/02/15.jpg 250w, https://www.klaus-ahrens.de/wp-content/uploads/2019/02/15-225x300.jpg 225w" sizes="auto, (max-width: 250px) 100vw, 250px" /></figure></li></ul>



<h3 class="wp-block-heading">Amtsfreie Gemeinde</h3>



<ul class="wp-block-list"><li>Verantwortlich für den Aufbau der Strukturen der kommunalen   Selbstverwaltung in der Gemeinde Neuenhagen bei Berlin (Verwaltung und   kommunalpolitischer Bereich)</li><li>Vorsitzender des Hauptausschusses</li><li>Vertreter und Mitglied im Vorstand des WSE – Wasserverband   Strausberg/Erkner</li><li>Vertreter in den kommunalen Spitzenverbänden:<br>&#8211; Deutschen   Städtetag<br>&#8211; Städte- und Gemeindebund Brandenburg<br>&#8211; Rat der Gemeinden der   Regionen Europas – Deutsche Sektion</li><li>Vertreter des Städte- und Gemeindebundes im Landesseniorenbeirat   Brandenburg</li><li>Vertreter in der Regionalen Planungsgemeinschaft Oderland-Spree</li><li>Vertreter in der Gesellschaft der Interessenvertretung der OSE – kommunale   Aktionäre GmbH</li><li>Aufsichtsratsvorsitzender der KENEU – Kommunale Entwicklungsgesellschaft   Neuenhagen</li><li>Mitglied im Wirtschaftsbeirat der Gemeinde Neuenhagen bei Berlin</li><li>Mitglied im Beirat der Galopprennbahn Hoppegarten GmbH</li><li>Vertreter im kommunalen Nachbarschaftsforum AG Ost – Räumliches   Strukturkonzept H.A.S.E. (Raum   Hellersdorf-Altlandsberg-Strausberg-Erkner)<br><br></li><li>Einsatz im Ausland u.a. im Auftrag der Europäischen Union und der   Deutschen Gesellschaft:<br>&#8211; Bulgarien<br>&#8211; Lettland</li><li>Auslandseinsatz in Israel<br></li><li>Verbesserung der Infrastruktur (Wasser-/ Abwassersituation, Telefon,   Gasversorgung, Beginn Straßenausbau, Fahrrad- und Gehwegebau, u.a.)</li><li>Entwicklung Industrie- und Gewerbegebiet Neuenhagen</li><li>Gründung der KENEU als Alternative zur LEG-Brandenburg</li><li>Ausbau und Investitionen in Bildungsstätten ( Kindertagesstätten und   Schulen)</li><li>Gründung des Seniorenbeirates Neuenhagen bei Berlin</li><li>Unterstützung und Neubau / Ausbau / Sanierung von Kinder-, Jugend-, Sport-    und Senioreneinrichtungen (z.Bsp. Kita Frohsinn und Rasselbande,   Fallada-Grundschule und Gartenstadt-Turnhalle, Erhalt u. Erweiterung   Einsteingymnasium, Jugendclub „Blaupause“, „Arche“,&nbsp; Haus der Senioren,   Seniorenresidenz Neuenhagen und Mathilde-Zimmer-Stiftung, Tennisanlage,   Skateranlage, Spielplatz Friedensstr.,</li><li>Ausbau des Freibades in Neuenhagen zu Familienschwimmbad</li><li>Sanierung der alten großen Mülldeponie am Elisenhofer Weg</li><li>Kampf um den Erhalt der Pferderennsportanlagen in Neuenhagen und   Hoppegarten mit dem Land Brandenburg und Bund (BVVG)</li><li>Unterstützung des Vereinslebens</li><li>Entwicklung und Mitgestaltung des Neuenhagener Oktoberfestes</li><li>Denkmalgerechte Sanierung und Umbau des Neuenhagener Rathauses (mit   Wasserturm) zu einem modernen Verwaltungsgebäude mit Ratssaal und   Standesamt</li><li>Sicherung und Unterstützung der Bürgerhauskonzerte und Konzerte auf der   Galopprennbahn Hoppegarten</li><li>Fahrradwegeverbindung Neuenhagen / Altlandsberg</li><li>Fahrradwegeverbindung Neuenhagen / OT Hönow &nbsp;</li></ul>



<hr class="wp-block-separator"/>



<ul class="wp-block-list"><li>Begründung der Städtepartnerschaft mit Grünwald (Bayern) und Swibodzin   (Polen)</li></ul>



<hr class="wp-block-separator"/>



<ul class="wp-block-list"><li>Initiierung der Bearbeitung&nbsp; des Neuenhagener Gemeindewappens  </li></ul>



<p>u.v.a.<br><br>In meiner Amtszeit als Bürgermeister in Neuenhagen bei  Berlin hatte ich die große Freude, zwei Bundespräsidenten begrüßen zu dürfen.  Bundespräsident Roman Herzog am 17. März 1995  und Bundespräsident Johannes  Rau am 13. Dezember 2001. Beide Bundespräsidenten haben sich in das Goldene Buch  der Gemeinde eingetragen.</p>



<ul class="wp-block-gallery columns-2 is-cropped wp-block-gallery-2 is-layout-flex wp-block-gallery-is-layout-flex"><li class="blocks-gallery-item"><figure><img loading="lazy" decoding="async" width="250" height="162" src="http://www.klaus-ahrens.de/wp-content/uploads/2019/02/25.jpg" alt="" data-id="154" data-link="http://www.klaus-ahrens.de/?attachment_id=154" class="wp-image-154"/></figure></li><li class="blocks-gallery-item"><figure><img loading="lazy" decoding="async" width="250" height="172" src="http://www.klaus-ahrens.de/wp-content/uploads/2019/02/27.jpg" alt="" data-id="155" data-link="http://www.klaus-ahrens.de/?attachment_id=155" class="wp-image-155"/></figure></li></ul>

<p>Hauptamtlicher Bürgermeister der Gemeinde Neuenhagen bei Berlin vom 17. Mai 1990 bis 5. Mai 2002. Amtsfreie Gemeinde Verantwortlich für den Aufbau der Strukturen der kommunalen Selbstverwaltung in der Gemeinde Neuenhagen bei Berlin (Verwaltung und kommunalpolitischer Bereich) Vorsitzender des Hauptausschusses Vertreter und Mitglied im Vorstand des WSE – Wasserverband Strausberg/Erkner Vertreter in den kommunalen Spitzenverbänden:&#8211; Deutschen [&hellip;]</p>
