{"id":16,"date":"2019-01-30T16:08:25","date_gmt":"2019-01-30T15:08:25","guid":{"rendered":"http:\/\/www.klaus-ahrens.de\/?page_id=16"},"modified":"2019-04-01T15:55:50","modified_gmt":"2019-04-01T13:55:50","slug":"bm-stammtische","status":"publish","type":"page","link":"https:\/\/www.klaus-ahrens.de\/?page_id=16","title":{"rendered":"BM-Stammtische"},"content":{"rendered":"\n<div class=\"wp-block-image\"><figure class=\"alignright\"><img loading=\"lazy\" decoding=\"async\" width=\"250\" height=\"344\" src=\"http:\/\/www.klaus-ahrens.de\/wp-content\/uploads\/2019\/02\/stammtische2019.jpg\" alt=\"\" class=\"wp-image-656\" srcset=\"https:\/\/www.klaus-ahrens.de\/wp-content\/uploads\/2019\/02\/stammtische2019.jpg 250w, https:\/\/www.klaus-ahrens.de\/wp-content\/uploads\/2019\/02\/stammtische2019-218x300.jpg 218w\" sizes=\"auto, (max-width: 250px) 100vw, 250px\" \/><\/figure><\/div>\n\n\n\n<p>Mit  dem Beginn meiner hauptamtlichen T\u00e4tigkeit als B\u00fcrgermeister 1990 habe ich den  &#8222;B\u00fcrgermeisterstammtisch&#8220; ins Leben gerufen. Eine Gespr\u00e4chsrunde mit   Verantwortlichen aus Politik, Wirtschaft, Kultur, Gesundheitswesen u.a. und  unseren B\u00fcrgerinnen und B\u00fcrgern. Jedem B\u00fcrger sollte damit die Gelegenheit haben  in lockerer Runde mit den eingeladenen Gespr\u00e4chspartnern direkt ins Gespr\u00e4ch zu  kommen. Ich bin heute noch sehr dankbar,  dass viele B\u00fcrgerinnen und B\u00fcrger die   35 B\u00fcrgermeisterstammtisch \u2013 Gespr\u00e4chsrunden  in Neuenhagen bei Berlin und  Hoppegarten besucht und aktiv teilgenommen haben.  Der prominenteste Gast am  B\u00fcrgermeisterstammtisch war Bundespr\u00e4sident Roman Herzog am 17. M\u00e4rz 1995 in  Neuenhagen. <\/p>\n\n\n\n<h2 class=\"wp-block-heading\">\u00dcbersicht und  Themen der &#8222;B\u00fcrgermeisterstammtisch&#8220; \u2013 Runden<br>  Gemeinde  Neuenhagen bei Berlin<\/h2>\n\n\n\n<p><br>  18.10.1991   1.  Stammtisch <br><strong>&#8222;ABM in den neuen Bundesl\u00e4ndern  und Ma\u00dfnahmen wider die Arbeitslosigkeit&#8220;<\/strong><br>  Bundestagsabgeordneter \u2013  CDU: Herr Rainer Eppelmann<br>                                           Arbeitsamt Frankfurt\/Oder:            Frau Friedmann<br>                                                        Arbeitsamt Frankfurt\/Oder:            Frau  Rengert<br>                                                    AWUG:                                          Frau Knick<\/p>\n\n\n\n<p>05.12.1991   2.  Stammtisch <br><strong>&#8222;Gewalt unter Jugendlichen \u2013 Produkt  der Einheit?&#8220;<\/strong><br>  Bundesministerium f\u00fcr Frauen Jugend u. Sport:         Herr Olaf Obst<br>                                           Landes-Ministerium  f\u00fcr Bildung, Jugend und Sport. 13.03.1992   3.  Stammtisch  <br><strong>&#8222;Lokale \u00d6ffentlichkeitsarbeit in den Medien&#8220;<\/strong><br>  MOZ &#8211;  Herausgeber:                                   Herr Claus Detjen                                                                           <br>ORB &#8211;  Chefredakteur:                                 Herr Reinhard  Griebner                                                         <br>Hauptamtsleiter Gemeinde  Neuenhagen:   Herr Wolfgang Strohmeyer  <\/p>\n\n\n\n<p>05.06.1992   4.  Stammtisch \u2013 <br><strong>&#8222;Das F\u00fcr und Wider der Verfassung  des Landes Brandenburg&#8220;<\/strong><br>  MdL \u2013 Landtagsabgeordneter &#8211; CDU:                           Herr Peter-Michael-Diestel                                                                          <br>Wissenschaftl. Mitarbeiter Fraktion  B90\/Die Gr\u00fcnen:   Herr Sch\u00fcler<br>                                                       Freie Universit\u00e4t Berlin:   Herr Prof. Adomeit <\/p>\n\n\n\n<p>25.09.1992   5.  Stammtisch <br><strong>&#8222;Wirtschaftlicher Aufschwung im Land  Brandenburg, Verm\u00f6gens- und Eigentumsfragen&#8220;<\/strong><br>  Stellv. Vorsitzender  des DGB und Landesvors. d. CDU:            Herr Ulf Fink <br>                                                                       Kommission Verm\u00f6gensfragen in  der DDR des Bundestages:  Herr Dr. Reinhardt  Ott,      Herr Professor Hohms<br>                                                                                              \u00d6TV \u2013 Vorsitzender Land Brandenburg:                                    Herr Spindler <\/p>\n\n\n\n<p>30.10.1992   6.  Stammtisch <br><strong>&#8222;Innere Sicherheit \u2013 Wie sicher  k\u00f6nnen sich unsere B\u00fcrger f\u00fchlen? Was ist an Sicherheit m\u00f6glich?&#8220;<\/strong><br>  Innenminister d. Landes Brandenburg:               Herr Alwin Ziel <br>                                             MdB &#8211; Bundestagsabgeordnete:                         Frau Dr. Else Ackermann<br>                                                        Chef des Verfassungsschutzes Brandenburg:    Herr Pfaff <br>                                                   Landesvorsitzender der  Polizeigewerkschaft:     Herr Rentsch<\/p>\n\n\n\n<p>11.12.1992   7.  Stammtisch <br><strong>&#8222;Berlin und Brandenburg \u2013 ist ein  gemeinsames Bundesland m\u00f6glich?&#8220;<\/strong> und wollen die B\u00fcrger ein Bundesland?  Vor- und Nachteile.<br>  Pr\u00e4sidentin des Abgeordnetenhauses Berlin:         Frau  Dr. Laurin <br>                                         Pr\u00e4sident des Landtages  Brandenburg:                  Herr Dr. Knoblich <\/p>\n\n\n\n<p>05.13.1993   8.  Stammtisch <br><strong>&#8222;Kommunalwahlen im Land Brandenburg \u2013  Gemeindeordnung, direkte oder indirekte Wahl der Landr\u00e4te, Oberb\u00fcrgermeister und  B\u00fcrgermeister&#8220;<\/strong><br>  Fraktionsvorsitzende der im Landtag Brandenburg  vertretenen Parteien:                SPD:                                   Herr  Dietrich Kr\u00fcger<br> MdL                                                                                       PDS:                                   Herr Prof.  Dr. Gonnermann <br>MdL                                                                                                                                    B\u00fcndnis  90\/ Die Gr\u00fcnen:    Herr G\u00fcnter Nooke <br>MdL                                                    Gemeinde Gr\u00fcnwald:          Herr Hubertus Lindner,  B\u00fcrgermeister<\/p>\n\n\n\n<p>05.08.1993   9.  Stammtisch <br><strong>&#8222;Wirtschaftliche Entwicklung im Land  Brandenburg im 3. Jahr der Deutschen Einheit. Die Entwicklung von Industrie- und  Gewerbestandorten \u2013 hat der Mittelstand eine Chance?&#8220;<\/strong><br>  Min.f.  Wissensch., Mittelst.,u.Techn.d.Landes Brandenburg: Herr Walter Hirche<br>                                             Vors. d. Mittelstandsvereinigung  Brandenburg:                       Herr Gl\u00fcckselig                                                        <br>Gesch\u00e4ftsf\u00fchrer Nienburger Glaswerke Neuenhagen:            Herr Kr\u00fcger<br>                                                   Vorsitzender Neuenhagener Gewerbeverband:                      Herr Pisall<\/p>\n\n\n\n<p>24.09.1993   10.  Stammtisch <br><strong>&#8222;Soziale Aspekte und Probleme der  Schaffung und Erhaltung von Arbeitspl\u00e4tzen in den neuen Bundesl\u00e4ndern \u2013 und  Pflegeversicherung&#8220;<\/strong><br>  Minister f\u00fcr Arbeit u. Soziales d. Landes  Sachsen-Anhalt:   Herr Werner Schreiber<br>                                              Staatssekret\u00e4r f\u00fcr Arbeit in der Senatsverwaltung Berlin:     Herr Peter  Haupt<br>                                                       Sozialpol.  Sprecherin und MdL der PDS:                              Frau Hannelore Birkholz  <\/p>\n\n\n\n<p>02.09.1994   11.  Stammtisch <br><strong>&#8222;Landtagswahl in Brandenburg \u2013 4  Jahre Entwicklung in Brandenburg sind wir landespolitisch auf dem richtigen Weg,  was wollen die Direktkandidaten \u00fcber ihre Parteien einbringen bzw. ver\u00e4ndern im  Wahlkreis 16&#8220;<\/strong><br>  f\u00fcr die CDU:                            Frau Beate  Blechinger                                                               <br>f\u00fcr  die F.D.P.:                          Frau Dolintschek<br>                                                                          f\u00fcr die SPD:                             Herr Dr. Klaus Kr\u00fcger<br>                                                                f\u00fcr die B 90\/ Gr\u00fcne:                 Herr Paetzold                                                                   <br>B\u00fcrgerb\u00fcndnis\/Freie  W\u00e4hler:  Herr Derling<\/p>\n\n\n\n<p>07.10.1994   12.  Stammtisch <br><strong>&#8222;Bundestagswahl \u2013 1994, ins Gespr\u00e4ch  mit Direktkandidaten f\u00fcr den Deutschen Bundestag, Wahlkreis 277&#8220;<\/strong><br>  f\u00fcr die SPD:                Herr Matthias Schubert                                                               <br>f\u00fcr die CDU:                Herr Rainer  Eppelmann                                                               <br>f\u00fcr  die PDS:                 Frau Kerstin Kaiser-Nicht <br>                                                          f\u00fcr die F:D:P::              Herr Dietmar  T\u00fcrpitz                                                                <br>f\u00fcr  B90\/die Gr\u00fcnen:     Herr Klaus K\u00f6rner<\/p>\n\n\n\n<table class=\"wp-block-table\"><tbody><tr><td><\/td><td>17.03.1995   13.  Stammtisch <br><strong>&#8222;Das wiedervereinigte       Deutschland, demokratische Selbstbestimmung, Verantwortungzum       Mitgestalten, Recht auf Selbstverwaltung&#8220;<\/strong><br>  Pr\u00e4sident der       Bundesrepublik Deutschland:                Herr Prof. Dr. Roman Herzog        <br>                                             stellvertretender       Ministerpr\u00e4sident des Landes Brbg.:  Herr Alwin Ziel Ackermann<br>                                                              Landrat M\u00e4rkisch Oderland:                                                Herr Gunter Fritsch <br>                                                        B\u00fcrgermeister Gemeinde Gr\u00fcnwald:                                   Herr Hubertus Lindner<\/td><\/tr><\/tbody><\/table>\n\n\n\n<p>15.12.1995   14.  Stammtisch <br><strong>&#8222;Berlin \u2013 Brandenburg, ein  gemeinsames Land? Chance f\u00fcr unsere Region&#8220;<\/strong><br>  Minister und Chef der  Staatskanzlei Brandenburg:      Herr Linde <br>                                             Chef der Staatskanzlei des Landes Berlin:                    Herr  K\u00e4hne<br>                                                        Herausgeber der  M\u00e4rkischen Oderzeitung:                  Herr Claus Detjen<br>                                                   B\u00fcrgermeister Gemeinde M\u00fcnchehofe:                        Herr Mei\u00dfner<\/p>\n\n\n\n<p>19.09.1996   15.  Stammtisch <br><strong>&#8222;Mitgestaltung der Demokratie \u2013  \u00dcbernahme politischer und gesellschaftlicher Verantwortung der  B\u00fcrger&#8220;<\/strong><br>  Pr\u00e4sidentin des Deutschen Bundestages:             Frau  Prof. Rita S\u00fcssmuth <\/p>\n\n\n\n<p>13.03.1998   16.  Stammtisch \u2013 <br><strong>&#8222;Finanzielle Situation der  Gemeinden im Land Brandenburg \u2013 ist die kommunale Selbstverwaltung noch  gesichert&#8220;<\/strong><br>  Ministerin f\u00fcr Finanzen des Landes Brandenburg:       Frau Wilma Simon                                             <br>Gesch\u00e4ftsf\u00fchrer  des St\u00e4dte und Gemeindebundes :  Herr Karl-Ludwig-B\u00f6ttcher                                                         <br>Amtsdirektor Stadt Altlandsberg:                                 Herr Manfred Andruleit <\/p>\n\n\n\n<p>15.12.1995   17.  Stammtisch <br><strong>&#8222;Wirtschaftsstandort Brandenburg \u2013  welche Industriestruktur und Mittelstandspolitik braucht unser  Land&#8220;<\/strong><br>  Minister f\u00fcr Wirtschaft im Land Brandenburg:         Herr  Dreyer &#8211; SPD <br>                                             ehem.  Wirtschaftsmin. d. letzten DDR Regierung:  Herr  Dr. Pohl &#8211; CDU                                                        <br>ehemaliger Wirtschaftsminister  Brandenburg:         Herr  Dr. Enderlein &#8211; F.D.P. <br>                                                 wirtschaftspol. Sprecher d. PDS Landtagsfraktion: Herr  Christoffers &#8211; PDS<\/p>\n\n\n\n<p>18.03.1998   18.  Stammtisch <br><strong>&#8222;Der etwas andere  Stammtisch&#8220;<\/strong> \u2013 Gespr\u00e4che mit B\u00fcrgermeistern und Wohnungsbaufirmen aus  Anlass der Stra\u00dfennamensgebung im Wohngebiet Gruscheweg<br>  B\u00fcrgermeister der  Stadt R\u00fcdesheim am Rhein (Hessen):  Herr Udo Gr\u00fcn<br>                                              B\u00fcrgermeister d. Gem. Albersweiler (Rheinland-Pfalz) :      Herr Ernst Spie\u00df<br>                                                       SIWOGE Siedlungswohnungsgesellschaft:                         Herr  Hameyer                                                  <br>ZAPF Hausbaufirma aus Bayern:  <\/p>\n\n\n\n<p>18.09.1998   19.  Stammtisch <br><strong>&#8222;Wahlen zum Deutschen Bundestag \u2013  Diskussion mit Direktkandidaten f\u00fcr den Wahlkreis 277&#8220;<\/strong><br>  f\u00fcr die  SPD:                 Herr Matthias Schubert MdB<br>                                                      f\u00fcr die F.D.P.:              Frau Waltraud Rudolf <br>                                                                f\u00fcr die PDS:                 Herr  Detlef Militz                                                                         <br>f\u00fcr B 90\/Gr\u00fcne:            Herr Friedrich Heilmann<\/p>\n\n\n\n<p>04.06.1999   20.  Stammtisch <br><strong>&#8222;Wahlen zum Europ\u00e4ischen Parlament \u2013  Diskussion mit Kandidaten f\u00fcr unseren Wahlkreis&#8220;<\/strong><br>  f\u00fcr die CDU:                Frau Anne-Karin Glase MEP<br>                                                      f\u00fcr die SPD:                 Herr Norbert Glante MEP                                                                  <br>f\u00fcr die PDS:                  Herr  Dr. Helmut Markov <\/p>\n\n\n\n<p>27.08.1999   21.  Stammtisch <br><strong>&#8222;Wahlen zum Landtag  Brandenburg&#8220;<\/strong> \u2013 Diskussion mit Direktkandidaten f\u00fcr den Wahlkreis 16<br>  f\u00fcr die CDU:                 Frau Beate Blechinger <br>                                                           f\u00fcr die SPD:                 Herr Dr.  Klaus-Dietrich Kr\u00fcger<br>                                                                 f\u00fcr die PDS:                 Frau Kerstin Kaiser-Nicht<br>                                                                       f\u00fcr B 90\/Gr\u00fcne:            Frau Brigitte R\u00fccker<br>                                                                      f\u00fcr die BFWG:              Herr Jens Mader <\/p>\n\n\n\n<p>01.10.1999   22.  Stammtisch <br><strong>&#8222;Neun Jahre Deutsche Einheit \u2013 Wie  steht es um die Innere Einheit in unserem Land&#8220;<\/strong><br>  Ehemaliger  Herausgeber der M\u00e4rkischen Oderzeitung:       Herr  Claus Detjen                                                       <br>Ehrenb\u00fcrger v. Neuenh. u. ehem. Berater  d. Gemeinde:      Herr Rasmus Clausen<br>                                                                 Mitglied d. erste frei Gew\u00e4hlten Volkskammer der. DDR                                          und Mitglied des Deutschen Bundestages in  der                                        Wahlperiode von 1990 bis 1994:                                            Frau Dr. Else Ackermann<br>                                                                        Pfarrer und Mitglied der  Zentr. Wahlkommission 1990:         Herr Bickardt<\/p>\n\n\n\n<p>22.06.2000   23.  Stammtisch \u2013<br><strong>&#8222;Arbeitslosigkeit in unserem Land \u2013  Herausforderung f\u00fcr uns alle. Kommunale Arbeitsvermittlungen \u2013 ein Weg zur  L\u00f6sung der Probleme?&#8220;<\/strong><br>  Pr\u00e4sident der Bundesanstalt f\u00fcr Arbeit:                             Herr Lutz Jagoda<br>                                             Staatssekret\u00e4rin im Ministerium f\u00fcr Arbeit und Soziales:  Frau Margit  Sch\u00fcler                                                         <br>Gesch\u00e4ftsf\u00fchrerin der KENEU GmbH:                              Frau Birgit  D\u00fcrsch <\/p>\n\n\n\n<p>18.08.2000   24.  Stammtisch <\/p>\n\n\n\n<p><strong>&#8222;Rechtsstaatlichkeit in der Praxis \u2013 Restitution von Grundst\u00fccken der  Erben nach F. Jolowicz in Neuenhagen S\u00fcd (Bollensdorf),                                                Europapolitik und Umgang mit Kriminalit\u00e4t&#8220;<\/strong><br>  Minister f\u00fcr Justiz u. Europangelegenheiten Brandenburg:  Herr Prof. Dr.  Schelter <br>                                                     Pr\u00e4sident d.  Landesamtes zur Regelung offener                                                Verm\u00f6gensfragen Brandenburg:                                           Herr  Hartmut Pelz                                                                  <br>Mitglied d. erste frei Gew\u00e4hlten Volkskammer der. DDR                                          und Mitglied des Deutschen Bundestages in der                                        Wahlperiode von 1990 bis 1994, Fraktionsvors in der GV:    Frau Dr. Else Ackermann<br>                                                                        Vorsitzender B\u00fcrgerverein Bollensdorf:                                 Herr Kurt Schneider<\/p>\n\n\n\n<p>15.03.2002   25.  Stammtisch <br><strong>&#8222;Die multikulturelle Gesellschaft \u2013  eine gro\u00dfe M\u00f6glichkeit f\u00fcr ein geeintes Europa&#8220;<\/strong><br>  Mitglied des  Bundestages &#8211; CDU :                      Herr Heiner Gei\u00dfler<br>                                              B\u00fcrgermeister der Stadt Altlandsberg &#8211; SPD:      Herr Ravindra Gujjula <br>                                                      Leiter der ARCHE Neuenhagen:                         Herr Bernd Meier <\/p>\n\n\n\n<h2 class=\"wp-block-heading\">Gemeinde Hoppegarten<br><br><\/h2>\n\n\n\n<p>28.05.2004   26.  Stammtisch<br><strong>&#8222;Europa w\u00e4hlt&#8220;<\/strong> &#8211; Diskussion  mit Kandidaten f\u00fcr unseren Wahlkreis <br>  Mitglied des Landtages Brandenburg &#8211;  CDU :  Herr Dr. Christian Ehler<br>                                              Europaabgeordneter &#8211; PDS:                             Herr Dr. Helmuth  Markov<br>                                                      Mitglied des  FDP-Landesvorstandes:               Herr Michael Stroh<\/p>\n\n\n\n<p>10.09.2004   27.  Stammtisch <br><strong>&#8222;Wahlen zum Landtag Brandenburg.  &#8211;   Was ist zu \u00e4ndern &#8222;<\/strong>  Diskussion mit Direktkandidaten f\u00fcr den Wahlkreis  31<br>  f\u00fcr die CDU:                 Herr Dierk Homeyer<br>                                                                 f\u00fcr die SPD:                 Herr  Joachim Schulze<br>                                                                 f\u00fcr die PDS:                 Frau Renate Adolph<br>                                                                       f\u00fcr B 90\/Gr\u00fcne:            Frau  Susanne Brase<br>                                                                      f\u00fcr die FDP:                 Herr Lutz Kumlehn <\/p>\n\n\n\n<p>30. 06.2005 28. Stammtisch\u00a0\u00a0\u00a0\u00a0\u00a0\u00a0\u00a0\u00a0\u00a0\u00a0\u00a0\u00a0\u00a0\u00a0\u00a0\u00a0\u00a0\u00a0\u00a0\u00a0\u00a0\u00a0\u00a0\u00a0\u00a0\u00a0\u00a0\u00a0\u00a0\u00a0\u00a0\u00a0\u00a0\u00a0\u00a0\u00a0\u00a0\u00a0\u00a0\u00a0\u00a0\u00a0\u00a0\u00a0\u00a0\u00a0\u00a0\u00a0\u00a0\u00a0\u00a0\u00a0\u00a0\u00a0\u00a0\u00a0\u00a0\u00a0\u00a0\u00a0\u00a0\u00a0\u00a0\u00a0\u00a0\u00a0\u00a0\u00a0\u00a0\u00a0\u00a0\u00a0 \u00a0<strong><em>\u201ePolitiker sind auch nur Menschen\u201c<\/em><\/strong> \u00a0Diskussion mit<\/p>\n\n\n\n<p>Pater Vinzens (Berlin) \u2013 Katholischer Gef\u00e4ngnisseelsoerger<br>Frau Beate Blechinger, Ministerin der Justitz, MDL Brandenburg<br>Herr Thomas Lunacek, MdL Brandenburg-Fraktionsvorsitzender<\/p>\n\n\n\n<p>Herr Dierk Homeyer, MdL Brandenburg,\nMitglied des Kreistages MOL<\/p>\n\n\n\n<p>08.09.2005   29.  Stammtisch <br><strong>&#8222;Wahlen zum Deutschen Bundestag.  Deutschland vor der Wahl \u2013 was muss sich \u00e4ndern? <\/strong>&#8220;  Diskussion mit  Direktkandidaten f\u00fcr den Wahlkreis 59<br>  f\u00fcr die CDU:                 Herr  Dierk Homeyer  (MdL)<br>f\u00fcr die SPD:                 Frau Petra Bierwirth   (MdB)<br>                                                              f\u00fcr die  PDS:                 Frau Dr. Dagmar Enkelmann ( MdL)<br>                                                                       f\u00fcr B 90\/Gr\u00fcne:            Herr  Georg Stockburger<br>                                                                      f\u00fcr die FDP:                 Herr Detlef Grabert <\/p>\n\n\n\n<p>28.10.2005  30.  Stammtisch <br><strong>&#8222;Ich sollte zum Landrat gew\u00e4hlt  werden, weil\u2026.&#8220;<\/strong><br>Frau Birgit D\u00fcrsch  (Neuenhagen bei Berlin) <br>                                                                                                                  Herr Gernot Schmidt  (Neulangsow)       &#8211;  Amtsinhaber-                                                                     <br>Herr Lutz Wunder  ( Klosterdorf)                                                                                                                                                         <br>Herr Dr. Rainer Krumrey  (Leipzig) <\/p>\n\n\n\n<p>11.09.2009   31.  Stammtisch<br><strong>&#8222;Wahlen zum Deutschen Bundestag. &#8211;   Ich will in den Bundestag gew\u00e4hlt werden, weil\u2026.? &#8222;<\/strong>                                                                                       Diskussion mit  Direktkandidaten f\u00fcr den Wahlkreis 60<br>  f\u00fcr die CDU:                 Herr  Hans-Georg von der Marwitz<br>                                                                f\u00fcr die SPD:                 Herr Ravindra Gujjula<br>                                                                f\u00fcr DIE LINKE :             Frau Dr. Dagmar Enkelmann<br>                                                                       f\u00fcr B 90\/Gr\u00fcne:            Herr Thomas Dyhr<br>                                                                     f\u00fcr die FDP:                 Herr Dr. Guido Beier <\/p>\n\n\n\n<table class=\"wp-block-table\"><tbody><tr><td><\/td><td>18.09.2009   32.  Stammtisch <br><strong>&#8222;Wahlen zum Landtag       Brandenburg. -Was mir besonders wichtig ist!!! &#8222;<\/strong>  Diskussion mit       Direktkandidaten f\u00fcr den Wahlkreis 31<br>  f\u00fcr die CDU:                       Herr Dierk Homeyer<br>                                                                       f\u00fcr die SPD:                 Herr Gunter Fritsch<br>                                                                       f\u00fcr DIE LINKE:                   Frau Renate Adolph<br>                                                                             f\u00fcr B 90\/Gr\u00fcne:            Herr Michael       Jungclaus<br>                                                                            f\u00fcr die FDP:                 Herr Maurice Birnbaum  <\/td><\/tr><\/tbody><\/table>\n\n\n\n<p>31.08.2011   33.  Stammtisch   (in Zusammenarbeit mit der  Unternehmervereinigung   Hoppegarten e.V.)<br><strong>&#8222;B\u00fcrgermeisterwahl in  Hoppegarten am 11.September 2011&#8220;<\/strong>  Diskussion mit Kandidaten f\u00fcr den  hauptamtlichen B\u00fcrgermeister<br>  f\u00fcr die CDU:                 Herr Kay  Juschka<br>                                                                   f\u00fcr die SPD:                 Herr Moritz Felgner<br>                                                                 f\u00fcr DIE LINKE:             Herr Karsten  Knobbe<br>                                                                           Einzelbewerber:           Herr Volkmar Seidel<br>                                                                      f\u00fcr die VBHOPP:          Herr  Sonderhoff   (per Internet zugeschaltet zur Diskussion) <\/p>\n","protected":false},"excerpt":{"rendered":"<p>Mit dem Beginn meiner hauptamtlichen T\u00e4tigkeit als B\u00fcrgermeister 1990 habe ich den &#8222;B\u00fcrgermeisterstammtisch&#8220; ins Leben gerufen. Eine Gespr\u00e4chsrunde mit Verantwortlichen aus Politik, Wirtschaft, Kultur, Gesundheitswesen u.a. und unseren B\u00fcrgerinnen und B\u00fcrgern. Jedem B\u00fcrger sollte damit die Gelegenheit haben in lockerer Runde mit den eingeladenen Gespr\u00e4chspartnern direkt ins Gespr\u00e4ch zu kommen. Ich bin heute noch sehr [&hellip;]<\/p>\n","protected":false},"author":5,"featured_media":0,"parent":0,"menu_order":0,"comment_status":"closed","ping_status":"closed","template":"","meta":{"footnotes":""},"class_list":["post-16","page","type-page","status-publish","hentry"],"_links":{"self":[{"href":"https:\/\/www.klaus-ahrens.de\/index.php?rest_route=\/wp\/v2\/pages\/16","targetHints":{"allow":["GET"]}}],"collection":[{"href":"https:\/\/www.klaus-ahrens.de\/index.php?rest_route=\/wp\/v2\/pages"}],"about":[{"href":"https:\/\/www.klaus-ahrens.de\/index.php?rest_route=\/wp\/v2\/types\/page"}],"author":[{"embeddable":true,"href":"https:\/\/www.klaus-ahrens.de\/index.php?rest_route=\/wp\/v2\/users\/5"}],"replies":[{"embeddable":true,"href":"https:\/\/www.klaus-ahrens.de\/index.php?rest_route=%2Fwp%2Fv2%2Fcomments&post=16"}],"version-history":[{"count":5,"href":"https:\/\/www.klaus-ahrens.de\/index.php?rest_route=\/wp\/v2\/pages\/16\/revisions"}],"predecessor-version":[{"id":741,"href":"https:\/\/www.klaus-ahrens.de\/index.php?rest_route=\/wp\/v2\/pages\/16\/revisions\/741"}],"wp:attachment":[{"href":"https:\/\/www.klaus-ahrens.de\/index.php?rest_route=%2Fwp%2Fv2%2Fmedia&parent=16"}],"curies":[{"name":"wp","href":"https:\/\/api.w.org\/{rel}","templated":true}]}}